divided by 3?
0
Let s be (-1)/(5/2870) + -3. Let k = s - -617. What is the remainder when k is divided by ((-10)/(-6))/((-2)/(-18))?
10
Let c(j) = -j - 8. Let s be c(-11). Suppose -51 = -g + 9*p - 14*p, -2*p - 136 = -s*g. What is the remainder when 89 is divided by g?
43
Calculate the remainder when 68 is divided by 530/(-477)*(-36)/8.
3
Let l(f) = -633*f - 8193. Calculate the remainder when 180 is divided by l(-13).
0
Let m(g) = 221*g**2 + 418*g. What is the remainder when m(-2) is divided by 0 + -4*(-7)/2?
6
Let g = -1240 + 3767. Suppose -13*p = -10*p + 2*t - 1517, -3*t = 5*p - g. What is the remainder when p is divided by 23?
20
Suppose -4*s = o, 0 = -101*o + 110*o + 3*s - 264. What is the remainder when o is divided by 10?
2
Suppose -17*f + 13*f + 251 = j, -j = -3*f - 244. Calculate the remainder when j is divided by 77.
16
Suppose -2369*a = -2388*a + 15371. Calculate the remainder when a is divided by 118.
101
Suppose 3*s = -2*a + 4*a, 2*a = -5*s - 16. Let p be ((-2)/4*s)/((-14)/5390). What is the remainder when (7/(105/6))/((-1)/p) is divided by 39?
37
Let k = -5207 + 3179. Let j be (9/3)/3 - -4. Calculate the remainder when (k/(-130))/(1/j) is divided by 16.
14
Suppose 46 = -12*u + 7 + 147. Calculate the remainder when 1816 is divided by u.
7
Suppose -6 = g + 2*d, g - 2*g - 14 = 4*d. Suppose g*o + 0*o - 4 = 0. What is the remainder when 13 is divided by 32/(-8) + 18/o?
3
Suppose 740 = 32*q - 2236. Suppose a = 4*s - 3*a - 12, 9 = -s - 2*a. Let m(u) = -14*u - 2. Calculate the remainder when q is divided by m(s).
9
Suppose 72*d - 68*d = -3*y + 228, -3*d + 153 = 2*y. What is the remainder when 330 is divided by y?
42
Suppose -2*k = -17*k + 495 - 75. Calculate the remainder when 551 is divided by k.
19
Suppose 15*i - 7*i + 48 = 0. What is the remainder when 277 is divided by 105/i*(3 - 5 - 0)?
32
Let t = -1443 - -1653. What is the remainder when t is divided by 27?
21
Suppose 0 = -t, -b - 12 = -5*t - 36. Let d = 26 - b. Suppose -3*h = -d - 55. What is the remainder when h is divided by 8?
3
Let r(d) = 3*d**2 - 92*d - 10. Let v be r(31). Suppose 19*u + 4 = v*u. What is the remainder when 13 is divided by u?
1
Suppose 0 = 63*n - 1350 + 657. What is the remainder when 988 is divided by n?
9
Let y = -1662 + 2445. What is the remainder when y is divided by 67?
46
Suppose -244*c = -264*c + 12220. Suppose 5*q = 5, -l + 36 = -2*q + 4*q. Calculate the remainder when c is divided by l.
33
Let j be (-1)/((-2)/(-20))*(-1)/2. Let p be (-36)/(-10) - 4*j/(-50). Suppose u - p*z = -2*u + 26, 2*u - 3*z = 19. What is the remainder when 7 is divided by u?
1
Let b be 3/((-50)/(-12) - 4). Suppose 0 = -3*s - b. Calculate the remainder when 46*(9/126 + s/(-14)) is divided by 14.
9
Suppose -2*h - 3*p = -191, 44*p = -2*h + 43*p + 193. Suppose 5*w + b = 87, -w - 2*b + 23 = b. What is the remainder when h is divided by w?
12
Let z(f) = -f**3 - 6*f**2 - 9*f - 1. Let l be z(-4). Suppose 5*q - n = 298, 2*n + 116 = 5*q - l*q. Calculate the remainder when q is divided by 8.
4
Let s(n) = -6*n - 46. Let x be s(-9). Let b = x - 2. Suppose -16*c - 63 = -19*c. What is the remainder when c is divided by b?
3
Suppose -2*h + 4*q = -372, 4*h + 2*q = -3*q + 692. Let f = -175 + h. What is the remainder when 12 is divided by f?
0
Let c be ((-8)/(-32))/1 - (-259)/4. Suppose 0 = -5*k + 5 + c. What is the remainder when 25 is divided by k?
11
Let z(r) = 2*r**2 - 256*r + 3196. Calculate the remainder when z(12) is divided by 201.
10
Let l = 49 - 471. Let h = 13 - 1. What is the remainder when l/(-6) - (-7 + 1)/(-18) is divided by h?
10
Suppose x - 2*q = 43, -62*x + 60*x - 3*q = -135. Let j(t) = -218*t**3 - t - 1. Calculate the remainder when j(-1) is divided by x.
47
Suppose j = -22 + 407 + 174. What is the remainder when j is divided by 80?
79
Suppose 49*q + 6237 = 48*q. What is the remainder when (-6)/16 - (q/(-8))/(-7) is divided by 8?
7
Let g = -3 - -3. Let n = 3 + g. Let h = 14844 - 14840. What is the remainder when h is divided by n?
1
Let u = 16 + 36. Suppose 196 = 54*h - u*h. Let b = -5 + 16. Calculate the remainder when h is divided by b.
10
Let w = -1614 + 1860. What is the remainder when w is divided by 29?
14
Let u(t) = -52*t + 5669. What is the remainder when u(31) is divided by 1013?
5
Let k be ((-69)/(-46))/((-2)/(-48) - 0). Suppose 0 = -2*b - 6, 10*q - 9*q = -2*b + k. What is the remainder when 544 is divided by q?
40
Suppose 35*i + 12*i = 12*i + 11305. What is the remainder when i is divided by 274?
49
Let f(g) = 264*g - 5881. Calculate the remainder when 7192 is divided by f(25).
2
Let q = -43 + 86. Suppose -r = -1 - 0. What is the remainder when q is divided by (r/(-3))/(19/(-855))?
13
Suppose -3*o - 5*x - 586 = 0, -2*o - 542 + 152 = 4*x. Let l = 550 + -273. Let h = o + l. What is the remainder when h is divided by 27?
26
Let w = 89 + -84. Suppose -2*c + 6*o - o = -15, -5 = -2*c - w*o. Let m(y) = y**3 - 4*y**2 - 2*y + 11. Calculate the remainder when 101 is divided by m(c).
23
Let v be ((-2874)/(-4))/(30/(-40)). Calculate the remainder when 26/169 - v/26 is divided by 8.
5
Suppose 11*c = -3*c + 2478. Suppose -3*j - 3*d + c = -j, 0 = 2*j + 4*d - 174. What is the remainder when j is divided by 10?
3
Let z(b) = -4*b**3 + 2*b**2 - 1. Let k be z(-1). Suppose -t - 5*r + 6*r + 37 = 0, 81 = 2*t + k*r. Calculate the remainder when t is divided by 16.
6
Suppose -3*h = 17 - 5, -6*u + 3012 = 3*h. Calculate the remainder when u is divided by 39.
36
Suppose 42*s = 41*s + k + 115, k + 472 = 4*s. Calculate the remainder when s is divided by 44.
31
Let f(w) = 2*w + 4. Let c(z) = 27*z - 3. Let p(d) = -c(d) - 2*f(d). What is the remainder when 154 is divided by p(-1)?
24
Let c(o) = 57*o**2 - 113*o + 104. What is the remainder when 3834 is divided by c(1)?
42
Suppose g = 5*q + 2*g - 27, 0 = -2*g + 4. Let u(z) = -z**3 + 7*z**2 - 19*z + 62. What is the remainder when 152 is divided by u(q)?
16
Suppose 0 = -4*y - 5*j + 45, -3*j = 156*y - 145*y - 113. What is the remainder when 30568 is divided by y?
8
Suppose 19 = 5*c + 4. Suppose -c*i + 203 - 74 = 5*f, -3*f - 105 = -3*i. Calculate the remainder when 415 is divided by i.
35
Let n be (4/(-5))/(-4*(-7)/1050). Let z = 168 + n. What is the remainder when z is divided by 14?
12
Let x = -21 - -34. Suppose 196 = 4*h + 16. Calculate the remainder when h is divided by (x + -10)/(3/13).
6
Let i(k) = -6*k**2 - 21*k - 36. Let p(x) = -x**2 - 4*x - 7. Let u(t) = 4*i(t) - 22*p(t). Let f(w) = 29*w. Calculate the remainder when f(1) is divided by u(0).
9
Let w = -2991 + 3201. What is the remainder when w is divided by 39?
15
Suppose -6*u + 203 + 1483 = 0. Let o = 641 - u. What is the remainder when o is divided by 14?
10
Let y be (24/20)/((-2)/(-5)). Let b be 5*(1920/25)/y. Suppose -2*x - b = -4*o, 2*x - 159 = -5*o + 4*x. Calculate the remainder when 58 is divided by o.
27
Let m = 525 + -546. What is the remainder when m + 355 - 4*2 is divided by 82?
80
Let p(g) = 279*g + 3737. What is the remainder when 111 is divided by p(-13)?
1
Suppose 2*n + 1766 = 4*t + 4*n, 3*t = -5*n + 1307. Suppose 0 = -g - 3*g - t. Let j = g - -128. What is the remainder when 48 is divided by j?
14
Suppose d - 783 = -o, 4*d - 1959 - 1167 = -2*o. Suppose 4*n - d = -2*t, 5*n - 2*n + 5*t - 585 = 0. What is the remainder when n is divided by 28?
27
Suppose 10*b + 687 - 1227 = 0. What is the remainder when 240 is divided by b?
24
Let r = 2474 + -1930. What is the remainder when r is divided by 118?
72
Let i = 4376 - 4269. Calculate the remainder when 364 is divided by i.
43
Suppose 2 = -6*z + 32. Suppose l + 3 = z, 271 = 3*y + 2*l. What is the remainder when y is divided by 15?
14
Let l = 143 + -131. Suppose l*i + 14 = 13*i. Calculate the remainder when 69 is divided by i.
13
Suppose 70 - 406 = -8*o. Calculate the remainder when 169 is divided by (-4 - (-2574)/o) + (-10)/35.
55
Suppose 115 = 3*d + 3*l - 1061, 5*l = -3*d + 1164. Calculate the remainder when d is divided by 138.
122
Let j(p) = 26 - 20 - 8*p + 2. Calculate the remainder when j(-13) is divided by 25.
12
Let t(a) = 2*a**2 + 8*a + 4. Let l be ((-2)/(-2) - -3) + -1. Suppose -l*c = -9*c - 30. Calculate the remainder when t(c) is divided by 4.
2
Let a(f) = 62 + 5*f + 4*f - f - 60. Let j be a(-10). Calculate the remainder when 